{"id":2,"date":"2016-05-10T03:48:21","date_gmt":"2016-05-10T03:48:21","guid":{"rendered":"http:\/\/lz-heide.de\/?page_id=2"},"modified":"2026-04-09T07:12:06","modified_gmt":"2026-04-09T06:12:06","slug":"sample-page","status":"publish","type":"page","link":"https:\/\/lz-heide.de\/","title":{"rendered":"Freiwillige Feuerwehr der Stadt Bochum"},"content":{"rendered":"<h3><strong>\u00a0\u00a0 \u00a0\u00a0 <br \/><\/strong><strong><img loading=\"lazy\" decoding=\"async\" class=\"wp-image-3952 alignleft\" src=\"https:\/\/lz-heide.de\/wp-content\/uploads\/2018\/02\/cropped-FF-lZ-Heide-Logo_zentriert100.png\" alt=\"\" width=\"100\" height=\"100\" srcset=\"https:\/\/lz-heide.de\/wp-content\/uploads\/2018\/02\/cropped-FF-lZ-Heide-Logo_zentriert100.png 100w, https:\/\/lz-heide.de\/wp-content\/uploads\/2018\/02\/cropped-FF-lZ-Heide-Logo_zentriert100-40x40.png 40w\" sizes=\"auto, (max-width: 100px) 100vw, 100px\" \/><img loading=\"lazy\" decoding=\"async\" class=\"nofocus alignright\" tabindex=\"0\" src=\"https:\/\/cache.pressmailing.net\/thumbnail\/big\/509a0e07-8bcd-4c82-888a-6621be0ebf7d\/logo\" alt=\"Quellbild anzeigen\" width=\"87\" height=\"87\" aria-label=\"Quellbild anzeigen\" \/><\/strong><\/h3>\n<p style=\"text-align: center;\"><img loading=\"lazy\" decoding=\"async\" class=\"alignnone size-full wp-image-4186\" src=\"https:\/\/lz-heide.de\/wp-content\/uploads\/2022\/05\/news.jpg\" alt=\"\" width=\"497\" height=\"173\" srcset=\"https:\/\/lz-heide.de\/wp-content\/uploads\/2022\/05\/news.jpg 497w, https:\/\/lz-heide.de\/wp-content\/uploads\/2022\/05\/news-300x104.jpg 300w\" sizes=\"auto, (max-width: 497px) 100vw, 497px\" \/><\/p>\n<div class=\"xdj266r x11i5rnm xat24cr x1mh8g0r x1vvkbs x126k92a\">\u00a0<\/div>\n<div class=\"xdj266r x11i5rnm xat24cr x1mh8g0r x1vvkbs x126k92a\">\n<h3 dir=\"auto\" style=\"text-align: center;\"><strong>+++Aufgaben der FF Bochum +++<\/strong><\/h3>\n<\/div>\n<p style=\"text-align: center;\"><strong>Die Freiwillige Feuerwehr Bochum gliedert sich in 14 L\u00f6scheinheiten und zwei Sondereinheiten und hat insgesamt rund 450 aktive Mitgliede<\/strong>r.\u00a0<\/p>\n<p>Zu den Aufgaben der Freiwilligen Feuerwehr\u00a0geh\u00f6rt neben der Unterst\u00fctzung der Berufsfeuerwehr auch\u00a0das eigenst\u00e4ndig Abarbeiten von kleineren Eins\u00e4tzen. Das bedeutet, dass grunds\u00e4tzlich alle\u00a0L\u00f6scheinheiten Aufgaben des Brandschutzes und der Technischen Hilfeleistung wahrnehmen und je nach Lage zu den Einheiten der Berufsfeuerwehr verst\u00e4rkend hinzu alarmiert werden oder aber auch selbstst\u00e4ndig t\u00e4tig werden. Dar\u00fcber hinaus kommt die Freiwillige Feuerwehr auch dann zum Einsatz, wenn eine Wachen der Berufsfeuerwehr f\u00fcr einen l\u00e4ngeren Zeitraum an einer Einsatzstellen gebunden ist. Die ehrenamtlichen Einsatzkr\u00e4fte stellen dann den Grundschutz in dem entsprechenden Wachgebiet sicher. Auch bei den immer wieder auftretenden Unwettern\u00a0helfen die L\u00f6scheinheiten der Freiwillige Feuerwehr bei der schnellen Beseitigung der Sch\u00e4den, sei es nach Starkregen oder Sturm.<\/p>\n<p>Die beiden Sondereinheiten der Freiwilligen Feuerwehr \u00fcbernehmen je nach Lage die Versorgung von Einsatzkr\u00e4ften (Sondereinheit Verpflegung) oder unterst\u00fctzen die Einsatzleitung (Sondereinheit F\u00fchrungsunterst\u00fctzung).<\/p>\n<h3><img loading=\"lazy\" decoding=\"async\" class=\"alignnone size-large wp-image-3921\" src=\"https:\/\/lz-heide.de\/wp-content\/uploads\/2021\/12\/IMG-20180510-WA0008-1024x629.jpg\" alt=\"\" width=\"780\" height=\"479\" srcset=\"https:\/\/lz-heide.de\/wp-content\/uploads\/2021\/12\/IMG-20180510-WA0008-1024x629.jpg 1024w, https:\/\/lz-heide.de\/wp-content\/uploads\/2021\/12\/IMG-20180510-WA0008-300x184.jpg 300w, https:\/\/lz-heide.de\/wp-content\/uploads\/2021\/12\/IMG-20180510-WA0008-768x472.jpg 768w, https:\/\/lz-heide.de\/wp-content\/uploads\/2021\/12\/IMG-20180510-WA0008.jpg 1074w\" sizes=\"auto, (max-width: 780px) 100vw, 780px\" \/><\/h3>\n<h3 style=\"text-align: center;\"><strong>+++L\u00f6schzug Heide+++<\/strong><\/h3>\n<p>Seit 1903 gibt es in Bochum, damals noch Wattenscheid, den L\u00f6schzug Heide der FF Bochum. Derzeit geh\u00f6ren\u00a0 24 Feuerwehrm\u00e4nner \/-frauen\u00a0 der Einsatzabteilung an.<\/p>\n<p>Im Jahre 2018 wurde eine Jugendgruppe JF am Standort der LE 12 Heide gegr\u00fcndet. Der Abteilung geh\u00f6ren heute 16 Jugendliche im Alter von 10 &#8211; 17 Jahren an.<\/p>\n<p>Eine Unterst\u00fctzungseinheit nach dem BHKG \u00a7 9 Abs. 2 ist mit 7 Feuerwehrangeh\u00f6rigen am Standort integriert.<\/p>\n<p>Die Einheit hat Ihren Standort im Kerngebiet der Stadt Bochum Wattenscheid Mitte an der Bochumer Stra\u00dfe . Die Alarmierung erfolgt gem\u00e4\u00df der Alarm und Ausr\u00fcckeordnung der Feuerwehr Bochum\u00a0<\/p>\n<p><img loading=\"lazy\" decoding=\"async\" class=\"alignnone size-full wp-image-4335\" src=\"https:\/\/lz-heide.de\/wp-content\/uploads\/2024\/08\/443696337_2053673421717836_634612894042979505_n.jpg\" alt=\"\" width=\"1440\" height=\"964\" srcset=\"https:\/\/lz-heide.de\/wp-content\/uploads\/2024\/08\/443696337_2053673421717836_634612894042979505_n.jpg 1440w, https:\/\/lz-heide.de\/wp-content\/uploads\/2024\/08\/443696337_2053673421717836_634612894042979505_n-300x201.jpg 300w, https:\/\/lz-heide.de\/wp-content\/uploads\/2024\/08\/443696337_2053673421717836_634612894042979505_n-1024x686.jpg 1024w, https:\/\/lz-heide.de\/wp-content\/uploads\/2024\/08\/443696337_2053673421717836_634612894042979505_n-768x514.jpg 768w\" sizes=\"auto, (max-width: 1440px) 100vw, 1440px\" \/><\/p>\n\n\n<h3 class=\"wp-block-heading\" id=\"warummitgliedwerden\">&#x1f525; <strong>Warum Mitglied werden?<\/strong><\/h3>\n\n\n\n<p class=\"has-text-align-center\"><strong>Mitglied in der Freiwilligen Feuerwehr zu werden, bringt viele pers\u00f6nliche, soziale und gesellschaftliche Vorteile mit sich. Hier sind einige gute Gr\u00fcnde:<\/strong><\/p>\n\n\n\n<ol class=\"wp-block-list\">\n<li><strong>Helfen, wo andere weglaufen<\/strong><br>Du leistest einen aktiven Beitrag zur Sicherheit deiner Gemeinde \u2013 bei Br\u00e4nden, Unf\u00e4llen, Unwettern oder anderen Notlagen.<\/li>\n\n\n\n<li><strong>Kameradschaft und Teamgeist<\/strong><br>In der Feuerwehr z\u00e4hlt jeder auf jeden. Du wirst Teil einer starken Gemeinschaft, in der Vertrauen, Zusammenhalt und gegenseitige Unterst\u00fctzung gro\u00dfgeschrieben werden.<\/li>\n\n\n\n<li><strong>Spannende und sinnvolle Aufgaben<\/strong><br>Kein Einsatz ist wie der andere. Du lernst st\u00e4ndig Neues, arbeitest mit moderner Technik und entwickelst dich pers\u00f6nlich weiter.<\/li>\n\n\n\n<li><strong>Aus- und Weiterbildung<\/strong><br>Du erh\u00e4ltst fundierte Schulungen in Erster Hilfe, Brandbek\u00e4mpfung, technischer Hilfeleistung und vielem mehr \u2013 F\u00e4higkeiten, die auch im Alltag n\u00fctzlich sind.<\/li>\n\n\n\n<li><strong>Anerkennung und Respekt<\/strong><br>Feuerwehrleute genie\u00dfen in der Gesellschaft hohes Ansehen. Dein Engagement wird wertgesch\u00e4tzt \u2013 von Nachbarn, Freunden und der Gemeinde.<\/li>\n\n\n\n<li><strong>Jugendarbeit und Nachwuchsf\u00f6rderung<\/strong><br>Viele Wehren bieten auch Programme f\u00fcr Jugendliche an \u2013 ein toller Einstieg f\u00fcr junge Menschen in ein sinnstiftendes Ehrenamt.<\/li>\n\n\n\n<li><strong>Berufliche Vorteile<\/strong><br>Teamf\u00e4higkeit, Verantwortungsbewusstsein und technisches Know-how \u2013 alles Eigenschaften, die auch im Berufsleben gesch\u00e4tzt werden.<\/li>\n<\/ol>\n\n\n\n<p><\/p>\n\n\n\n<p>  <strong><mark style=\"background-color:rgba(0, 0, 0, 0)\" class=\"has-inline-color has-black-color\">Hier kannst du schnell Kontakt mit der LE 12 Heide aufnehmen<\/mark><\/strong><\/p>\n\n\n\n<div class=\"wp-block-contact-form-7-contact-form-selector\">\n<div class=\"wpcf7 no-js\" id=\"wpcf7-f3995-o1\" lang=\"de-DE\" dir=\"ltr\" data-wpcf7-id=\"3995\">\n<div class=\"screen-reader-response\"><p role=\"status\" aria-live=\"polite\" aria-atomic=\"true\"><\/p> <ul><\/ul><\/div>\n<form action=\"\/index.php?rest_route=%2Fwp%2Fv2%2Fpages%2F2#wpcf7-f3995-o1\" method=\"post\" class=\"wpcf7-form init\" aria-label=\"Kontaktformular\" novalidate=\"novalidate\" data-status=\"init\">\n<fieldset class=\"hidden-fields-container\"><input type=\"hidden\" name=\"_wpcf7\" value=\"3995\" \/><input type=\"hidden\" name=\"_wpcf7_version\" value=\"6.1.5\" \/><input type=\"hidden\" name=\"_wpcf7_locale\" value=\"de_DE\" \/><input type=\"hidden\" name=\"_wpcf7_unit_tag\" value=\"wpcf7-f3995-o1\" \/><input type=\"hidden\" name=\"_wpcf7_container_post\" value=\"0\" \/><input type=\"hidden\" name=\"_wpcf7_posted_data_hash\" value=\"\" \/>\n<\/fieldset>\n<p><label> Dein Name<br \/>\n<span class=\"wpcf7-form-control-wrap\" data-name=\"your-name\"><input size=\"40\" maxlength=\"400\" class=\"wpcf7-form-control wpcf7-text wpcf7-validates-as-required\" aria-required=\"true\" aria-invalid=\"false\" value=\"\" type=\"text\" name=\"your-name\" \/><\/span> <\/label>\n<\/p>\n<p><label> Deine E-Mail-Adresse<br \/>\n<span class=\"wpcf7-form-control-wrap\" data-name=\"your-email\"><input size=\"40\" maxlength=\"400\" class=\"wpcf7-form-control wpcf7-email wpcf7-validates-as-required wpcf7-text wpcf7-validates-as-email\" aria-required=\"true\" aria-invalid=\"false\" value=\"\" type=\"email\" name=\"your-email\" \/><\/span> <\/label>\n<\/p>\n<p><label> Betreff<br \/>\n<span class=\"wpcf7-form-control-wrap\" data-name=\"your-subject\"><input size=\"40\" maxlength=\"400\" class=\"wpcf7-form-control wpcf7-text wpcf7-validates-as-required\" aria-required=\"true\" aria-invalid=\"false\" value=\"\" type=\"text\" name=\"your-subject\" \/><\/span> <\/label>\n<\/p>\n<p><label> Deine Nachricht (optional)<br \/>\n<span class=\"wpcf7-form-control-wrap\" data-name=\"your-message\"><textarea cols=\"40\" rows=\"10\" maxlength=\"2000\" class=\"wpcf7-form-control wpcf7-textarea\" aria-invalid=\"false\" name=\"your-message\"><\/textarea><\/span> <\/label>\n<\/p>\n<p><span class=\"wpcf7-form-control-wrap\" data-name=\"zustimmung\"><span class=\"wpcf7-form-control wpcf7-acceptance\"><span class=\"wpcf7-list-item\"><label><input type=\"checkbox\" name=\"zustimmung\" value=\"1\" aria-invalid=\"false\" \/><span class=\"wpcf7-list-item-label\">Ich habe die <a href=\"\/datenschutz\/\">Datenschutzerkl\u00e4rung<\/a> zur Kenntnis genommen und akzeptiert.\n Ich stimme zu, dass meine Formularangaben zur Kontaktaufnahme bzw. zur Bearbeitung meines Anliegens gespeichert werden.<\/span><\/label><\/span><\/span><\/span>\n<\/p>\n<p><input class=\"wpcf7-form-control wpcf7-submit has-spinner\" type=\"submit\" value=\"Senden\" \/>\n<\/p><div class=\"wpcf7-response-output\" aria-hidden=\"true\"><\/div>\n<\/form>\n<\/div>\n<\/div>\n","protected":false},"excerpt":{"rendered":"<p>\u00a0\u00a0 \u00a0\u00a0 \u00a0 +++Aufgaben der FF Bochum +++ Die Freiwillige Feuerwehr Bochum gliedert sich in 14 L\u00f6scheinheiten und zwei Sondereinheiten <a class=\"more-link\" href=\"https:\/\/lz-heide.de\/\">Weiterlesen\u00a0\u2026<\/a><\/p>\n","protected":false},"author":1,"featured_media":3952,"parent":0,"menu_order":0,"comment_status":"closed","ping_status":"open","template":"","meta":{"footnotes":""},"class_list":["post-2","page","type-page","status-publish","has-post-thumbnail","hentry"],"_links":{"self":[{"href":"https:\/\/lz-heide.de\/index.php?rest_route=\/wp\/v2\/pages\/2","targetHints":{"allow":["GET"]}}],"collection":[{"href":"https:\/\/lz-heide.de\/index.php?rest_route=\/wp\/v2\/pages"}],"about":[{"href":"https:\/\/lz-heide.de\/index.php?rest_route=\/wp\/v2\/types\/page"}],"author":[{"embeddable":true,"href":"https:\/\/lz-heide.de\/index.php?rest_route=\/wp\/v2\/users\/1"}],"replies":[{"embeddable":true,"href":"https:\/\/lz-heide.de\/index.php?rest_route=%2Fwp%2Fv2%2Fcomments&post=2"}],"version-history":[{"count":150,"href":"https:\/\/lz-heide.de\/index.php?rest_route=\/wp\/v2\/pages\/2\/revisions"}],"predecessor-version":[{"id":4527,"href":"https:\/\/lz-heide.de\/index.php?rest_route=\/wp\/v2\/pages\/2\/revisions\/4527"}],"wp:featuredmedia":[{"embeddable":true,"href":"https:\/\/lz-heide.de\/index.php?rest_route=\/wp\/v2\/media\/3952"}],"wp:attachment":[{"href":"https:\/\/lz-heide.de\/index.php?rest_route=%2Fwp%2Fv2%2Fmedia&parent=2"}],"curies":[{"name":"wp","href":"https:\/\/api.w.org\/{rel}","templated":true}]}}