{"id":18,"date":"2018-02-18T21:09:32","date_gmt":"2018-02-18T20:09:32","guid":{"rendered":"http:\/\/lz-heide.de\/?page_id=18"},"modified":"2021-12-29T15:11:01","modified_gmt":"2021-12-29T14:11:01","slug":"fahrzeuge","status":"publish","type":"page","link":"https:\/\/lz-heide.de\/?page_id=18","title":{"rendered":"Fahrzeuge"},"content":{"rendered":"<p><strong>Hier erfahrt Ihr alles \u00fcber die Fahrzeuge des L\u00f6schzug Heide, angefangen vom Mehrzweckfahrzeug (MZF) bis hin zum L\u00f6schgruppenfahrzeug&nbsp; LF 10 \/ 6&nbsp; und&nbsp; LF 20 Kats.<\/strong><\/p>\n<p>Schaut&nbsp; einfach vorbei, wir freuen uns auf euch<\/p>\n<p><strong>L\u00f6schgruppenfahrteug<\/strong><\/p>\n<p>LF20 kats ( 12 LF 20kats 1 )<\/p>\n<p><img loading=\"lazy\" decoding=\"async\" class=\"alignnone  wp-image-3852\" src=\"https:\/\/lz-heide.de\/wp-content\/uploads\/2020\/01\/LF20kats.jpg\" alt=\"\" width=\"782\" height=\"522\" srcset=\"https:\/\/lz-heide.de\/wp-content\/uploads\/2020\/01\/LF20kats.jpg 652w, https:\/\/lz-heide.de\/wp-content\/uploads\/2020\/01\/LF20kats-300x200.jpg 300w\" sizes=\"auto, (max-width: 782px) 100vw, 782px\" \/><\/p>\n<hr>\n<p><strong>&nbsp;L\u00f6schgruppenfahrzeug<\/strong><\/p>\n<p>LF 10 \/ 6 ( 12 LF10 1)<\/p>\n<p><img loading=\"lazy\" decoding=\"async\" class=\"alignnone size-full wp-image-3922\" src=\"https:\/\/lz-heide.de\/wp-content\/uploads\/2021\/12\/fb43c093-7365-48df-afca-12b6d7984af8.jpg\" alt=\"\" width=\"1024\" height=\"768\" srcset=\"https:\/\/lz-heide.de\/wp-content\/uploads\/2021\/12\/fb43c093-7365-48df-afca-12b6d7984af8.jpg 1024w, https:\/\/lz-heide.de\/wp-content\/uploads\/2021\/12\/fb43c093-7365-48df-afca-12b6d7984af8-300x225.jpg 300w, https:\/\/lz-heide.de\/wp-content\/uploads\/2021\/12\/fb43c093-7365-48df-afca-12b6d7984af8-768x576.jpg 768w\" sizes=\"auto, (max-width: 1024px) 100vw, 1024px\" \/><\/p>\n<p><strong>Schlauchwagen<\/strong><\/p>\n<p>SW 2000 ( 12 SW2000 1)<img loading=\"lazy\" decoding=\"async\" class=\"alignnone size-full wp-image-3908\" src=\"https:\/\/lz-heide.de\/wp-content\/uploads\/2021\/10\/SW-2000.jpg\" alt=\"12 SW 2000\" width=\"1332\" height=\"659\" srcset=\"https:\/\/lz-heide.de\/wp-content\/uploads\/2021\/10\/SW-2000.jpg 1332w, https:\/\/lz-heide.de\/wp-content\/uploads\/2021\/10\/SW-2000-300x148.jpg 300w, https:\/\/lz-heide.de\/wp-content\/uploads\/2021\/10\/SW-2000-1024x507.jpg 1024w, https:\/\/lz-heide.de\/wp-content\/uploads\/2021\/10\/SW-2000-768x380.jpg 768w\" sizes=\"auto, (max-width: 1332px) 100vw, 1332px\" \/><\/p>\n<p><strong>Mehrzweckfahrzeug<\/strong><\/p>\n<p>MZF ( 12 MZF 1 )<\/p>\n<p><img loading=\"lazy\" decoding=\"async\" class=\"alignnone  wp-image-3751\" src=\"https:\/\/lz-heide.de\/wp-content\/uploads\/2020\/01\/665F5D34-C43A-4FAE-AA3F-462B335141AE-scaled-e1579959872112.jpeg\" alt=\"MTF\" width=\"802\" height=\"647\" srcset=\"https:\/\/lz-heide.de\/wp-content\/uploads\/2020\/01\/665F5D34-C43A-4FAE-AA3F-462B335141AE-scaled-e1579959872112.jpeg 539w, https:\/\/lz-heide.de\/wp-content\/uploads\/2020\/01\/665F5D34-C43A-4FAE-AA3F-462B335141AE-scaled-e1579959872112-300x242.jpeg 300w\" sizes=\"auto, (max-width: 802px) 100vw, 802px\" \/><\/p>\n<hr>\n","protected":false},"excerpt":{"rendered":"<p>Hier erfahrt Ihr alles \u00fcber die Fahrzeuge des L\u00f6schzug Heide, angefangen vom Mehrzweckfahrzeug (MZF) bis hin zum L\u00f6schgruppenfahrzeug&nbsp; LF 10 <a class=\"more-link\" href=\"https:\/\/lz-heide.de\/?page_id=18\">Weiterlesen\u00a0\u2026<\/a><\/p>\n","protected":false},"author":1,"featured_media":3948,"parent":0,"menu_order":0,"comment_status":"closed","ping_status":"closed","template":"","meta":{"footnotes":""},"class_list":["post-18","page","type-page","status-publish","has-post-thumbnail","hentry"],"_links":{"self":[{"href":"https:\/\/lz-heide.de\/index.php?rest_route=\/wp\/v2\/pages\/18","targetHints":{"allow":["GET"]}}],"collection":[{"href":"https:\/\/lz-heide.de\/index.php?rest_route=\/wp\/v2\/pages"}],"about":[{"href":"https:\/\/lz-heide.de\/index.php?rest_route=\/wp\/v2\/types\/page"}],"author":[{"embeddable":true,"href":"https:\/\/lz-heide.de\/index.php?rest_route=\/wp\/v2\/users\/1"}],"replies":[{"embeddable":true,"href":"https:\/\/lz-heide.de\/index.php?rest_route=%2Fwp%2Fv2%2Fcomments&post=18"}],"version-history":[{"count":24,"href":"https:\/\/lz-heide.de\/index.php?rest_route=\/wp\/v2\/pages\/18\/revisions"}],"predecessor-version":[{"id":3949,"href":"https:\/\/lz-heide.de\/index.php?rest_route=\/wp\/v2\/pages\/18\/revisions\/3949"}],"wp:featuredmedia":[{"embeddable":true,"href":"https:\/\/lz-heide.de\/index.php?rest_route=\/wp\/v2\/media\/3948"}],"wp:attachment":[{"href":"https:\/\/lz-heide.de\/index.php?rest_route=%2Fwp%2Fv2%2Fmedia&parent=18"}],"curies":[{"name":"wp","href":"https:\/\/api.w.org\/{rel}","templated":true}]}}